ase 10
0
-3 (base 5) to base 9
-3
Convert 1 (base 5) to base 14.
1
-1 (base 14) to base 10
-1
What is -1 (base 14) in base 5?
-1
What is -101 (base 2) in base 7?
-5
Convert -50 (base 8) to base 5.
-130
What is 23 (base 16) in base 4?
203
What is 6 (base 8) in base 7?
6
Convert -310 (base 4) to base 16.
-34
What is 1 (base 12) in base 3?
1
-2 (base 7) to base 16
-2
126 (base 9) to base 7
210
What is -19 (base 13) in base 8?
-26
Convert 346 (base 7) to base 12.
131
What is 44 (base 6) in base 14?
20
-a (base 14) to base 12
-a
What is -10 (base 9) in base 6?
-13
Convert -3 (base 5) to base 11.
-3
-2a (base 15) to base 7
-55
-112 (base 4) to base 16
-16
27 (base 9) to base 3
221
Convert -1213 (base 4) to base 10.
-103
What is -131 (base 8) in base 6?
-225
-323 (base 6) to base 11
-102
Convert -1 (base 2) to base 10.
-1
What is 50 (base 15) in base 10?
75
-27 (base 13) to base 9
-36
What is 4 (base 7) in base 6?
4
Convert -100 (base 2) to base 6.
-4
What is 6 (base 11) in base 3?
20
Convert 5 (base 13) to base 11.
5
What is 2c (base 13) in base 4?
212
What is 121 (base 9) in base 13?
79
Convert 450 (base 6) to base 7.
336
-11202 (base 3) to base 16
-80
What is -103 (base 4) in base 10?
-19
What is -10110011 (base 2) in base 13?
-10a
Convert -8 (base 10) to base 15.
-8
Convert 3 (base 8) to base 13.
3
Convert -14 (base 12) to base 2.
-10000
Convert 0 (base 9) to base 15.
0
Convert -23 (base 13) to base 14.
-21
f (base 16) to base 7
21
-1 (base 13) to base 15
-1
What is 2 (base 8) in base 16?
2
What is 1 (base 11) in base 8?
1
What is -101 (base 3) in base 14?
-a
-44 (base 14) to base 4
-330
What is 1 (base 12) in base 14?
1
Convert -10 (base 5) to base 7.
-5
-43 (base 9) to base 12
-33
12211 (base 3) to base 4
2131
-12 (base 4) to base 16
-6
-2 (base 13) to base 6
-2
Convert -30 (base 6) to base 3.
-200
What is -6 (base 16) in base 13?
-6
Convert -23 (base 16) to base 3.
-1022
Convert -d5 (base 15) to base 4.
-3020
What is 51 (base 9) in base 5?
141
Convert -24 (base 7) to base 14.
-14
What is 49 (base 13) in base 4?
331
What is 28 (base 10) in base 16?
1c
-e (base 16) to base 15
-e
-44 (base 13) to base 16
-38
What is -200 (base 3) in base 12?
-16
What is 2 (base 12) in base 6?
2
Convert 130 (base 5) to base 8.
50
-21 (base 6) to base 7
-16
11011 (base 2) to base 9
30
What is -121 (base 3) in base 11?
-15
-2 (base 15) to base 11
-2
What is -4 (base 14) in base 6?
-4
Convert 14 (base 13) to base 15.
12
What is -5 (base 16) in base 14?
-5
What is 0 (base 16) in base 7?
0
34 (base 6) to base 5
42
What is -197 (base 10) in base 7?
-401
3a (base 13) to base 8
61
What is 1 (base 7) in base 14?
1
Convert -1 (base 2) to base 9.
-1
What is -13 (base 6) in base 14?
-9
Convert -77 (base 8) to base 6.
-143
What is 0 (base 2) in base 5?
0
What is -22 (base 7) in base 4?
-100
Convert -1 (base 9) to base 13.
-1
Convert -21 (base 5) to base 3.
-102
-55 (base 7) to base 3
-1111
Convert 3b (base 15) to base 14.
40
Convert -21 (base 6) to base 16.
-d
-6 (base 14) to base 2
-110
What is -b (base 15) in base 13?
-b
-85 (base 10) to base 15
-5a
What is 101 (base 9) in base 2?
1010010
What is 1 (base 2) in base 4?
1
-17 (base 13) to base 15
-15
Convert 1 (base 14) to base 12.
1
1 (base 8) to base 14
1
Convert -4 (base 9) to base 11.
-4
What is 10 (base 3) in base 10?
3
What is 33 (base 7) in base 5?
44
Convert -5 (base 10) to base 7.
-5
Convert 34 (base 12) to base 4.
220
What is -8 (base 16) in base 2?
-1000
Convert 2 (base 14) to base 12.
2
-5 (base 12) to base 7
-5
Convert -a (base 11) to base 5.
-20
-1 (base 7) to base 5
-1
4 (base 12) to base 9
4
What is 1 (base 14) in base 12?
1
What is 7 (base 11) in base 12?
7
-108 (base 12) to base 14
-ac
What is -3331 (base 4) in base 6?
-1101
Convert -34 (base 10) to base 14.
-26
Convert 67 (base 16) to base 15.
6d
Convert -1120 (base 5) to base 3.
-12221
3 (base 8) to base 11
3
2 (base 11) to base 8
2
What is 0 (base 5) in base 6?
0
15 (base 6) to base 2
1011
Convert -2 (base 7) to base 15.
-2
6 (base 11) to base 15
6
Convert -3 (base 16) to base 9.
-3
Convert 0 (base 5) to base 4.
0
Convert 200 (base 12) to base 10.
288
Convert 90 (base 12) to base 9.
130
Convert 2 (base 8) to base 9.
2
What is -58 (base 16) in base 2?
-1011000
What is -223 (base 4) in base 5?
-133
Convert -23 (base 11) to base 16.
-19
What is 223 (base 4) in base 5?
133
What is -110 (base 4) in base 6?
-32
-3 (base 12) to base 4
-3
101 (base 2) to base 15
5
What is c (base 13) in base 6?
20
Convert -1 (base 11) to base 16.
-1
-11011 (base 2) to base 8
-33
What is 1a (base 11) in base 4?
111
Convert -10 (base 4) to base 2.
-100
What is 100 (base 3) in base 9?
10
What is -9 (base 13) in base 14?
-9
What is -23 (base 6) in base 15?
-10
Convert -3 (base 15) to base 7.
-3
What is 7 (base 13) in base 16?
7
2 (base 4) to base 8
2
-86 (base 13) to base 15
-75
Convert 0 (base 7) to base 10.
0
Convert 3 (base 8) to base 2.
11
Convert -152 (base 8) to base 7.
-211
Convert 29 (base 14) to base 4.
211
Convert 345 (base 9) to base 2.
100011100
What is 12 (base 3) in base 5?
10
11002 (base 3) to base 10
110
Convert 167 (base 8) to base 3.
11102
Convert -106 (base 9) to base 7.
-153
-1 (base 5) to base 3
-1
What is 4 (base 11) in base 8?
4
2110 (base 3) to base 11
60
-1a (base 16) to base 13
-20
0 (base 15) to base 9
0
-34 (base 8) to base 11
-26
What is 13 (base 12) in base 6?
23
What is 3 (base 5) in base 11?
3
What is -22 (base 13) in base 5?
-103
What is -18 (base 13) in base 3?
-210
Convert 0 (base 11) to base 9.
0
What is -6 (base 13) in base 14?
-6
Convert 3 (base 8) to base 3.
10
Convert 2201 (base 3) to base 10.
73
Convert -113 (base 8) to base 9.
-83
Convert -304 (base 10) to base 16.
-130
-101 (base 2) to base 12
-5
-212 (base 5) to base 6
-133
-195 (base 10) to base 4
-3003
Convert -50 (base 8) to base 10.
-40
-4 (base 11) to base 7
-4
0 (base 12) to base 10
0
What is -11111 (base 2) in base 4?
-133
Convert a (base 12) to base 13.
a
2 (base 13) to base 5
2
What is -12 (base 5) in base 7?
-10
Convert 34 (base 6) to base 2.
10110
What is -300 (base 5) in base 16?
-4b
What is -4 (base 8) in base 5?
-4
Convert -13 (base 13) to base 16.
-10
What is -22 (base 4) in base 14?
-a
Convert 1a (base 13) to base 7.
32
What is 208 (base 9) in base 10?
170
Convert 3 (base 12) to base 6.
3
What is 0 (base 4) in base 2?
0
Convert 5 (base 13) to base 5.
10
-101011 (base 2) to base 10
-43
Convert 2 (base 13) to base 8.
2
Convert -115 (base 14) to base 10.
-215
Convert -6 (base 12) to base 5.
-11
3 (base 14) to base 12
3
Convert -db (base 15) to base 3.
-21122
e (base 15) to base 16
e
-2 (base 16) to base 5
-2
Convert -10302 (base 4) to base 14.
-17c
Convert 2103 (base 4) to base 12.
103
What is -4 (base 15) in base 14?
-4
Convert -2 (base 13) to base 7.
-2
What is -23 (base 12) in base 6?
-43
Convert 2b (base 13) to base 7.
52
100 (base 11) to base 6
321
-2a (base 12) to base 6
-54
1c2 (base 13) to base 4
11013
What is -100 (base 5) in base 3?
-221
What is -2 (base 11) in base 16?
-2
What is -104 (base 5) in base 3?
-1002
Convert 6 (base 15) to base 9.
6
Convert 13 (base 15) to base 10.
18
Convert -3 (base 12) to base 15.
-3
What is 1c (base 15) in base 13?
21
What is -7 (base 14) in base 4?
-13
Convert 10 (base 3) to base 15.
3
Convert -1 (base 5) to base 14.
-1
Convert -101 (base 3) to base 11.
-a
Convert 95 (base 11) to base 14.
76
2 (base 8) to base 14
2
Convert -2 (base 11) to base 15.
-2
-1 (base 10) to base 7
-1
What is -111000 (base 2) in base 16?
-38
What is 285 (base 9) in base 13?
155
-1a (base 13) to base 3
-212
Convert 11 (base 9) to base 11.
a
1 (base 4) to base 11
1
What is 6 (base 7) in base 9?
6
-20 (base 9) to base 2
-10010
331 (base 5) to base 2
1011011
Convert -103 (base 5) to base 15.
-1d
What is -38 (base 14) in base 3?
-1212
3 (base 16) to base 13
3
Convert 14 (base 8) to base 13.
c
Convert 12 (base 13) to base 4.
33
Convert -21 (base 3) to base 5.
-12
Convert 0 (base 9) to base 4.
0
What is -31 (base 15) in base 11?
-42
Convert 38 (base 15) to base 14.
3b
12 (base 3) to base 8
5
-15 (base 12) to base 10
-17
-1b (base 16) to base 9
-30
What is 25 (base 8) in base 4?
111
98 (base 11) to base 4
1223
213 (base 5) to base 3
2011
3 (base 7) to base 9
3
5 (b